5?
8
What is the remainder when 189115 is divided by 96?
91
Calculate the remainder when 18554 is divided by 1097.
1002
What is the remainder when 777 is divided by 243?
48
Calculate the remainder when 6703 is divided by 122.
115
Calculate the remainder when 95173 is divided by 49.
15
What is the remainder when 1626 is divided by 524?
54
Calculate the remainder when 3478 is divided by 73.
47
What is the remainder when 1406 is divided by 351?
2
What is the remainder when 9319 is divided by 136?
71
What is the remainder when 69847 is divided by 22?
19
What is the remainder when 479037 is divided by 658?
13
Calculate the remainder when 75 is divided by 65.
10
What is the remainder when 5278 is divided by 1626?
400
Calculate the remainder when 176155 is divided by 14679.
7
What is the remainder when 74050 is divided by 1193?
84
What is the remainder when 1887 is divided by 42?
39
What is the remainder when 36126 is divided by 12010?
96
Calculate the remainder when 2565679 is divided by 66.
61
What is the remainder when 9704 is divided by 3219?
47
Calculate the remainder when 5794 is divided by 95.
94
What is the remainder when 9957 is divided by 1986?
27
Calculate the remainder when 2315 is divided by 385.
5
Calculate the remainder when 15395 is divided by 3843.
23
What is the remainder when 286022 is divided by 88?
22
What is the remainder when 25135 is divided by 584?
23
What is the remainder when 20148 is divided by 284?
268
What is the remainder when 57022 is divided by 5?
2
What is the remainder when 85258 is divided by 84?
82
Calculate the remainder when 40309 is divided by 2.
1
What is the remainder when 41879 is divided by 492?
59
What is the remainder when 1039 is divided by 991?
48
What is the remainder when 1414 is divided by 23?
11
What is the remainder when 2674 is divided by 890?
4
What is the remainder when 2021 is divided by 7?
5
What is the remainder when 202735 is divided by 20?
15
What is the remainder when 735228 is divided by 157?
154
What is the remainder when 135655 is divided by 85?
80
What is the remainder when 529244 is divided by 33?
23
Calculate the remainder when 231812 is divided by 831.
794
What is the remainder when 590827 is divided by 98471?
1
Calculate the remainder when 9494 is divided by 30.
14
Calculate the remainder when 1311851 is divided by 20.
11
Calculate the remainder when 523 is divided by 169.
16
Calculate the remainder when 1688 is divided by 61.
41
Calculate the remainder when 881813 is divided by 5.
3
What is the remainder when 247363 is divided by 134?
133
What is the remainder when 5303 is divided by 923?
688
Calculate the remainder when 882104 is divided by 105.
104
Calculate the remainder when 9714 is divided by 9698.
16
Calculate the remainder when 4261 is divided by 1265.
466
What is the remainder when 233626 is divided by 77874?
4
Calculate the remainder when 3046 is divided by 60.
46
Calculate the remainder when 3706 is divided by 8.
2
Calculate the remainder when 15612 is divided by 3113.
47
Calculate the remainder when 2138 is divided by 304.
10
Calculate the remainder when 13000 is divided by 77.
64
What is the remainder when 42147 is divided by 916?
11
What is the remainder when 774501 is divided by 29?
27
Calculate the remainder when 172260 is divided by 78.
36
Calculate the remainder when 3569 is divided by 538.
341
Calculate the remainder when 28896 is divided by 474.
456
Calculate the remainder when 5508 is divided by 124.
52
What is the remainder when 25798 is divided by 311?
296
What is the remainder when 3695 is divided by 18?
5
What is the remainder when 179033 is divided by 59643?
104
Calculate the remainder when 6362 is divided by 37.
35
Calculate the remainder when 29759 is divided by 4957.
17
What is the remainder when 9814 is divided by 65?
64
Calculate the remainder when 137009 is divided by 161.
159
Calculate the remainder when 344 is divided by 20.
4
What is the remainder when 444 is divided by 352?
92
What is the remainder when 1540 is divided by 512?
4
Calculate the remainder when 289 is divided by 89.
22
What is the remainder when 23803 is divided by 115?
113
Calculate the remainder when 6858 is divided by 575.
533
Calculate the remainder when 6858 is divided by 494.
436
Calculate the remainder when 914 is divided by 72.
50
What is the remainder when 3510 is divided by 494?
52
What is the remainder when 4077 is divided by 986?
133
Calculate the remainder when 2079065 is divided by 33.
32
What is the remainder when 68824 is divided by 106?
30
What is the remainder when 3846813 is divided by 1406?
1403
Calculate the remainder when 5094 is divided by 38.
2
What is the remainder when 9235 is divided by 9223?
12
What is the remainder when 1215 is divided by 957?
258
What is the remainder when 13472 is divided by 4484?
20
Calculate the remainder when 708 is divided by 72.
60
What is the remainder when 42637 is divided by 584?
5
What is the remainder when 2534 is divided by 2070?
464
What is the remainder when 14916 is divided by 4407?
1695
Calculate the remainder when 2227 is divided by 640.
307
What is the remainder when 960 is divided by 948?
12
Calculate the remainder when 118514 is divided by 33.
11
What is the remainder when 61747 is divided by 61?
15
Calculate the remainder when 319431 is divided by 1836.
1803
Calculate the remainder when 118719 is divided by 16954.
41
Calculate the remainder when 632760 is divided by 788.
784
What is the remainder when 3116 is divided by 2839?
277
Calculate the remainder when 2065831 is divided by 19.
18
What is the remainder when 2494 is divided by 364?
310
Calculate the remainder when 3179 is divided by 433.
148
Calculate the remainder when 1921 is divided by 218.
177
Calculate the remainder when 327219 is divided by 1177.
13
Calculate the remainder when 1414 is divided by 334.
78
Calculate the remainder when 584228 is divided by 370.
368
Calculate the remainder when 9341 is divided by 8930.
411
Calculate the remainder when 1397912 is divided by 7.
5
What is the remainder when 1301256 is divided by 105?
96
What is the remainder when 35404 is divided by 738?
718
What is the remainder when 292 is divided by 110?
72
Calculate the remainder when 13939 is divided by 421.
46
Calculate the remainder when 11512 is divided by 3829.
25
What is the remainder when 139240 is divided by 4095?
10
What is the remainder when 120369 is divided by 51?
9
What is the remainder when 53801 is divided by 26814?
173
What is the remainder when 1449237 is divided by 929?
926
Calculate the remainder when 6695 is divided by 112.
87
Calculate the remainder when 5619 is divided by 2766.
87
Calculate the remainder when 7997 is divided by 882.
59
What is the remainder when 23240 is divided by 11610?
20
What is the remainder when 16914 is divided by 148?
42
Calculate the remainder when 154309 is divided by 3086.
9
What is the remainder when 2304 is divided by 60?
24
Calculate the remainder when 13939 is divided by 515.
34
Calculate the remainder when 16173 is divided by 5388.
9
Calculate the remainder when 8869 is divided by 125.
119
What is the remainder when 16829 is divided by 61?
54
What is the remainder when 37507 is divided by 155?
152
What is the remainder when 10905 is divided by 376?
1
What is the remainder when 178498 is divided by 50?
48
What is the remainder when 1198474 is divided by 486?
484
Calculate the remainder when 75137 is divided by 49.
20
What is the remainder when 13112 is divided by 131?
12
What is the remainder when 13067 is divided by 33?
32
What is the remainder when 17500 is divided by 17404?
96
Calculate the remainder when 7002 is divided by 2297.
111
Calculate the remainder when 6318 is divided by 6307.
11
What is the remainder when 4537 is divided by 27?
1
What is the remainder when 25130 is divided by 1188?
182
What is the remainder when 212999 is divided by 23?
19
Calculate the remainder when 464122 is divided by 125.
122
Calculate the remainder when 240237 is divided by 1087.
10
What is the remainder when 554 is divided by 259?
36
Calculate the remainder when 8827 is divided by 17.
4
What is the remainder when 21616 is divided by 97?
82
Calculate the remainder when 1748 is divided by 308.
208
Calculate the remainder when 319484